46/(-6). Let k = -20 + q. Suppose 0*i = -k*i + 270. What is the tens digit of i?
5
Let r(t) be the third derivative of -t**5/60 - 3*t**4/4 + 13*t**3/3 - 65*t**2. Suppose -2*m + 3*c - 17 = 1, 0 = 2*m - 4*c + 18. What is the tens digit of r(m)?
0
Let r(z) = -15*z + 105. Let k be r(7). Suppose -4*f + x + 1791 = k, -5*f + x + 2225 = -3*x. What is the units digit of f?
9
Let z(q) = 822*q**2 - 11*q + 92. What is the ten thousands digit of z(-10)?
8
Suppose -13*y = 27*y + 22*y - 894722. What is the thousands digit of y?
4
Let h = -3365 + 5685. What is the tens digit of h?
2
Suppose 3*z = -8*z - 176. Let v = z + 18. Suppose 4*d - 146 + 16 = -m, v*m - 260 = 3*d. What is the units digit of m?
0
Let g = 44864 + -32041. What is the units digit of g?
3
Suppose 237403 = 3*n - w, 60985 = 5*n - 5*w - 334680. What is the hundreds digit of n?
1
Let o = 7 - 37. Let i = 32 + o. Suppose 0 = -i*c - c - 3*r + 288, -r = 2*c - 192. What is the tens digit of c?
9
What is the ten thousands digit of -5 - -36*(-7)/28*-2282*1?
2
What is the thousands digit of 7 + 2 + (-74223)/(-9)?
8
What is the units digit of (16906/(-6))/((-3)/(-2)*124/(-558))?
3
Let l(s) = 5*s**2 - 28*s + 13. Let y = 287 + -272. What is the hundreds digit of l(y)?
7
Suppose 89*a + 5434 = 109*a - 7146. What is the units digit of a?
9
Let a(x) = -4*x - 80. Let y be a(-21). Suppose y*m = 2*t - 57 - 53, t - 49 = -4*m. What is the tens digit of t?
5
Let f(a) = -23*a**3 - 9*a**2 + 149*a + 1655. What is the hundreds digit of f(-9)?
3
Let f be 151*(16 - -1) - (-12 + 9). Suppose 269*z = 267*z + f. What is the hundreds digit of z?
2
What is the hundreds digit of (13070/25 - (-2)/(-1))*(-540)/(-27)?
4
Let g be (0 + -2)*2 + -585. Let s = g - -853. Suppose -3*h = -0*h - s. What is the units digit of h?
8
Let o(k) = -114*k - 40. Let n(f) = -112*f - 38. Let i(w) = 2*n(w) - 3*o(w). What is the hundreds digit of i(4)?
5
Suppose 0 = -3*o - 2*d - 6 - 10, -2*o = 2*d + 8. Let u be (6/o)/((-1)/12). What is the tens digit of (-10 + u)*155/(-1)?
5
Suppose 4*w - 2*h - 104 = 0, -91 = -3*w - 12*h + 7*h. Suppose -4*j + 4*r = -4580, 3425 = -w*j + 30*j - r. What is the units digit of j?
0
Suppose -25 = 2*t - 7*t. Let c be 2436/14 + 14/(-2). Suppose c = -p + 5*p + 3*a, -p = -t*a - 59. What is the tens digit of p?
4
Let o(k) be the first derivative of 6*k**2 - 74*k - 103. What is the hundreds digit of o(29)?
2
Suppose -2*u - 57 = -291. Suppose 2*y - 102 = 4*i, -i = 2*y - 2*i - u. Suppose -f + y = -46. What is the hundreds digit of f?
1
Let f be (63 - 43)*((-10)/(-8) - 1). Suppose 0*q = -u - 3*q, -u + f*q = -8. Suppose 5*n = -4*a + 744, u*n - 3 = -15. What is the units digit of a?
1
Suppose 2412 + 2908 = 95*n. Let i = 40 + -8. Suppose r = -i + n. What is the units digit of r?
4
Let h(i) be the third derivative of -7*i**4/24 + i**3/6 + 6*i**2. Let n(w) = -12*w + 132. Let f be n(12). What is the units digit of h(f)?
5
Suppose 0 = 38*k - 18980 - 469966. What is the units digit of k?
7
Let n(o) = o + 1. Let s(l) = -82*l + 91. Let f(i) = 2*n(i) - s(i). What is the units digit of f(6)?
5
Let n(i) = 38*i - 2. Let p be (20/(-6))/(-2 - (-10)/6). What is the tens digit of n(p)?
7
Let s = -16910 - -42800. Suppose 0 = -22*k + 52*k - s. What is the units digit of k?
3
Let o(u) = 5*u + 49. Let w be o(-9). Let f(c) = 21 + 6*c + 4*c**2 - 2*c**2 + 5*c**2 + w*c. What is the tens digit of f(-4)?
9
Let s = -28528 + 43501. What is the ten thousands digit of s?
1
Suppose 0 = 14*r - 21 + 119. What is the units digit of 733/(5/(-35)*r)?
3
Let i(j) = -j**3 - 8*j**2 - 2*j + 6. Let g be i(-5). Let d = g + 34. Let n = -19 - d. What is the units digit of n?
6
Let z = 21 + 3. Suppose -5*q + q + z = 0. What is the tens digit of ((-4)/q)/(458/(-114) - -4)?
3
Let v(o) = 2*o**2 - 11*o + 48. Let f be v(9). Suppose -674 = -c - f. What is the tens digit of c?
6
Let g be (-41 + 261)*((-75)/(-6) + 0). Let p = 4373 - g. What is the hundreds digit of p?
6
Suppose -r + 2139 = t, 4*r + 278 = -3*t + 6694. What is the units digit of t?
0
Let s(o) = 19*o**2 + 10*o - 410. What is the thousands digit of s(-19)?
6
Let p(r) = -4*r**3 - 11 + 2*r**3 + 27*r - 24 - 26*r**2 + 3*r**3. Suppose 9*i - 80 = 145. What is the units digit of p(i)?
5
Let q be 25*-1 + 5 + -8. Let o = q + 19. What is the tens digit of 510/o*6/(-4)?
8
Suppose -4*z + 1698 = 2*k - 2*z, z + 859 = k. Suppose -290*u = -291*u + k. What is the tens digit of u?
5
Suppose -3*s - 4*o = -o - 540, -5*o = -20. Suppose 4*q = 2*t - 0*q - s, q + 380 = 4*t. Suppose 0 = h + h - t. What is the tens digit of h?
4
Let r be (32/(-4) - -1)*-2. Suppose 14 - 56 = -r*k. Suppose j - 313 = -k*t - 75, 4*t = 2*j + 334. What is the tens digit of t?
8
Suppose 27*z + z - 1719555 = -31*z. What is the tens digit of z?
4
Let y = -577 - -1076. Let j = y + -273. What is the tens digit of j?
2
Let f = 15 + -11. Suppose x + 3*u = f*x + 171, -x - 3*u - 37 = 0. What is the units digit of (-1 + x/(-12))*6?
0
Suppose 5*l - 796 = -3*u + 153, 2*u + 558 = 3*l. Let h be (-8)/((-2)/(-4) - 1). Suppose h = c - s - 32, 4*c - 5*s = l. What is the units digit of c?
2
Let u(h) = 44*h - 11. Let a(x) = 43*x - 15. Let m(q) = -2*a(q) + 3*u(q). What is the tens digit of m(22)?
0
Let t(y) = 4413*y + 556. What is the ten thousands digit of t(4)?
1
Suppose -5*q - 2 + 12 = 0. Suppose t = 4*s - 14, -2*s + 15 = 9. What is the tens digit of q/((3 - t)/240)?
9
Suppose 1356*z - 1364*z + 57024 = 0. What is the tens digit of z?
2
Suppose 20*a - 242378 - 200755 - 36607 = 0. What is the thousands digit of a?
3
Let w(a) = -20*a + 120. Let d be w(6). Suppose 5*h - 3460 = -5*k, d*h = -4*k - 5*h + 2766. What is the tens digit of k?
9
Suppose -3*r + 7*r = 4*a + 800, 3*r + 4*a = 586. Let t = r - -16. What is the tens digit of t?
1
Let t be 98/35 + -3 - 22/(-10). Suppose t*k - 4 - 34 = 0. Suppose 0 = -5*h - 3*n + 135, -5*h + n = -4*h - k. What is the units digit of h?
4
Let f(t) = -2*t + 10. Let r be f(5). Suppose r*p + 490 = -5*p. Let g = -22 - p. What is the units digit of g?
6
Suppose 4*c - 3 = 3*u + 14, c - 11 = 3*u. Suppose 3*b - 4*o = -b + 496, o - 242 = -c*b. What is the hundreds digit of b?
1
Suppose -l = q - 46096, -4*l + 1644*q + 184376 = 1647*q. What is the thousands digit of l?
6
Suppose 902*q = 903*q - 7. What is the hundreds digit of 8/18 - (224000/(-90))/q?
3
Suppose 2*l + i = -l + 57, l + 5*i - 33 = 0. Let s be (-5)/((l/28)/(-9)). Suppose m = 0, -a + 4*m - 11 + s = 0. What is the tens digit of a?
5
Let n = -1211 + 16976. What is the units digit of n?
5
Let c(k) = -747*k + 123. What is the hundreds digit of c(-3)?
3
Let v = -193 + 176. Let n = v + 206. What is the hundreds digit of n?
1
Let t(y) = 133*y**2 + 28*y + 151. What is the ten thousands digit of t(-12)?
1
Let l be (-12)/2*(-14)/(-3). Let u = 3728 - 3775. Let c = l - u. What is the tens digit of c?
1
Let w be (5 - 3) + 1/(1/4). Let j(q) = w - 2*q**2 + 2*q**2 - 2*q**3 + 3*q**2 - 3*q + 3*q**3. What is the units digit of j(3)?
1
Suppose -2854881 = 42*m - 135*m - 698769. What is the ten thousands digit of m?
2
Let j(u) = -u + 16. Let v be j(0). Suppose 7*t + t = 600. Suppose 2*g - 4*o = v, -5*g - 5 = -4*o - t. What is the units digit of g?
8
Let g be (-3164)/(-196) + 12/14 + -1. What is the tens digit of (g/(-24)*6)/(4/(-1318))?
1
Let i = 3145 + 3279. What is the units digit of i?
4
Suppose 4*b - 82522 = -i, 5*b + 146*i - 103149 = 143*i. What is the thousands digit of b?
0
Let d(u) = -257*u**2 + 2*u + 8 - u**3 + 0*u + 261*u**2. Let y be d(5). What is the tens digit of 0 + y + 3 + 127?
2
Let i(y) = 18*y**2 + 228*y + 5. What is the hundreds digit of i(-53)?
4
Let j be 2*1/(-3)*-3. Let n = 636 - 518. Suppose -n = -j*o - 26. What is the tens digit of o?
4
What is the tens digit of ((2 - 180321/12) + 3)/((-39)/104)?
5
Let s be 14 - (-72)/(0 - 8). Suppose 0 = 4*a - 4*f - 3456, 3*f - 4 = 11. Suppose 4*m - a = -s*y, -y + 3*m + 206 = 36. What is the hundreds digit of y?
1
Suppose -30*g + 34*g - 4*v = 16, 7 = 2*g - 3*v. Let j(s) = -s - 1. Let w be j(-6). Suppose 140 = 5*r - w*l, -g*l - 3 = r - 1. What is the tens digit of r?
2
Let f = 61 - 21. Suppose 2*w - 7 - 10 = -5*h, -4*h = -5*w - f. Suppose -5*s = -n + 179, 5*n + h*s - 2*s = 867. What is the units digit of n?
4
Let g = -208 - -3304. Suppose -5*s = 4*s - g. What is the units di